-g + m + 0 - 1 = 0, -5*m + 11 = g. Suppose -p - 10 = -5, 0 = -2*h - p + g. Suppose 349 = 5*u - 2*z, -z = -h*u - u + 278. What is the units digit of u?
9
What is the hundreds digit of -66627*(-9 - 120/(-15))?
6
Suppose -3*i = -2*a - 13, 0*i - 4*i - 3*a = -6. Suppose -3*y + 21 = -2*p, i*y = 3*p - 0*p + 39. What is the units digit of (6/2)/(p/(-54))?
9
Suppose 3*o - 1347 = -0*w + 3*w, -454 = w + 4*o. Let k = w - -832. Let y = -245 + k. What is the hundreds digit of y?
1
Let n = 1989 + 1881. What is the units digit of n?
0
Suppose 2*j = 2 - 2. Suppose j = 2*g - 163 - 309. Suppose 3*v = 2*x - g, 0 = 5*x - 2*x + 2*v - 328. What is the tens digit of x?
1
Let t(w) = -12*w**3 - 12*w**2 + 9*w + 23. What is the hundreds digit of t(-5)?
1
Let p(x) = 16*x**2 - 10*x - 14. Let a = 117 + -122. What is the tens digit of p(a)?
3
Suppose -706*d + 11941569 = -14354107 - 2666562. What is the tens digit of d?
2
Suppose -4*l = z - 9, -2*l - z = -6*z + 23. Let q be ((-1)/4)/l*(-1684)/1. Suppose 0 = -5*v - g + q, -2*g + 234 = 5*v - 183. What is the tens digit of v?
8
Let u be (2 - 1 - -1)*(-6)/(-6). Suppose -5*s - 6*f = -u*f - 1094, 2*f = 5*s - 1088. What is the units digit of s?
8
Let x(t) = t**3 + t**2 + t - 4950. Let n be x(0). What is the tens digit of (1 + 13/2)*n/(-99)?
7
Let f(m) = -358*m**3 + 7*m**2 + m - 8. What is the units digit of f(-2)?
2
What is the tens digit of 12/(-2) - (2 - 8 - (7706 + 4))?
1
Let u(o) = 20*o + 239. Let m(a) = -3*a - 30. Let t(w) = -51*m(w) - 6*u(w). What is the hundreds digit of t(14)?
5
Suppose 2*d + 5*k = 117, -4*d + k = 3*k - 210. Suppose 36*f = d*f - 4590. What is the units digit of f?
6
Suppose -7*s + 34*s - 251188 = -s. What is the tens digit of s?
7
Let l = -6515 + 13663. What is the units digit of l?
8
Suppose -3*n - 3464 = -11030. Let x = n - 1770. What is the hundreds digit of x?
7
Let m(a) be the second derivative of -10*a**3/3 + 13*a**2 + a. Suppose 48 = -5180*h + 5174*h. What is the units digit of m(h)?
6
Let c(f) = -f + 28. Let b be (-3)/6*(27 + -13). What is the units digit of c(b)?
5
Let d be -62*2/(-4) + -1. Let b be (-3)/1 + d/5. What is the units digit of b/4 + 1452/48?
1
Let n(p) = 9*p + 165. Let y be 1/(42/774) + (-6)/14. What is the hundreds digit of n(y)?
3
Suppose -15*i - 3 = -14*i. Let w be (6/18)/(i/(-6408)). Suppose -3*q - q + w = 0. What is the units digit of q?
8
Suppose 11*h - 77568 = 21300. What is the tens digit of h?
8
Suppose -20298 - 29898 = -12*z. What is the tens digit of z?
8
Suppose -5*p - 3*c + 6726 = -1121, -5*p = 2*c - 7843. What is the tens digit of p?
6
Let n(i) = 5*i + 21. Let u be n(-3). Suppose -676 = u*m - 40. Let o = 305 + m. What is the units digit of o?
9
Suppose 5400 + 4454 = 2*h - 4*t, 2*t = -2. What is the thousands digit of h?
4
Suppose 5*v = 5*q - 130, 5*v = -q + 26 - 0. Suppose -b = -3*a + 3080, 2*b - q = a - 1046. What is the thousands digit of a?
1
Let q(s) = -6*s**3 - 13*s**2 - 37*s - 32. What is the units digit of q(-16)?
8
Let n be (-1)/((-10)/(-10)) - (1 - 8068). What is the hundreds digit of (-60)/220 - n/(-11)?
7
Let n(i) = -35*i - 358. Let q be n(-52). What is the units digit of ((-2)/2)/((-43)/q)?
4
Suppose 2*m + 0*m = -36. Suppose 0 = -4*h + 5*g + 148, 11*h - g + 74 = 13*h. Let j = h + m. What is the units digit of j?
9
Let h be 72/(-33) + (-10)/(-55). Let w be (-1)/((-15)/10625) - h/(-6). Suppose 4*n - w = -2*n. What is the hundreds digit of n?
1
Suppose -252280 = -8*v - 4*o, -v - 9*o + 11*o + 31545 = 0. What is the units digit of v?
7
Suppose -10*m + 108 = 2*m. Let u(w) = 36*w - 48. What is the hundreds digit of u(m)?
2
Suppose -15 + 101 = 2*a. Suppose -17 = -3*b - 4*d + 20, 0 = -5*b - 2*d + a. Let m = 33 + b. What is the tens digit of m?
4
Suppose -15288 = -p + 8*p. What is the hundreds digit of (496/(-6))/(p/180 - -12)?
6
What is the tens digit of (12/9)/(68/357255)?
0
Let b = -33 + 38. Suppose -2*j - 5 = -3*m, -3*j + b*m - 23 = -7*j. Suppose 0 = -j*z + 11*z - 1359. What is the tens digit of z?
5
Let w(c) = 37*c - 30. Let h(f) = -f**2 - 2. Let l(p) = 2*h(p) - w(p). What is the hundreds digit of l(-16)?
1
Suppose 0 = -3*n - 3*p + 93, -3*n + 22*p - 23*p + 103 = 0. Suppose 30 = 2*a - 34. Suppose -a*x - 268 = -n*x. What is the tens digit of x?
6
Let u(w) = -3*w**2 - 53*w + 2568. What is the thousands digit of u(0)?
2
Let i(m) = 5*m**2 - 8*m - 22. Let a be i(-3). Let c = a - 52. Let s = c - -9. What is the units digit of s?
4
Let z be 375/30 + 1/(-2). What is the hundreds digit of (z/2 - 4) + 283?
2
Suppose -41411 + 423341 = 29*j. What is the hundreds digit of j?
1
Suppose 245*x + 205*x = 12548700. What is the ten thousands digit of x?
2
Let g = -25078 + 33050. What is the hundreds digit of g?
9
Suppose -3*r + l + 55 = 0, 2*r + l - 26 - 4 = 0. Let t(q) = -q**2 + 34*q + 65. What is the hundreds digit of t(r)?
3
Let n(v) = -4*v - 38. Let p be n(-10). Suppose -2*l - p*l = -16. What is the hundreds digit of (-274)/(-6)*(-1 + l)?
1
Let v(h) = 18461*h + 126. What is the thousands digit of v(1)?
8
Let i(w) = -519*w + 164. What is the hundreds digit of i(-19)?
0
What is the hundreds digit of 3*(2 - -2001)*(-133)/(-57)?
0
Suppose 4*u = 8*u - 280. Let l = -34 + u. Suppose z - l = 70. What is the units digit of z?
6
Let a(g) = -g**3 + 3*g**2 - 2*g + 6. Let n be a(3). Let q(t) = 3*t + 203. What is the tens digit of q(n)?
0
Let s = 1397 - -566. What is the thousands digit of s?
1
Suppose 4*k + 68 = 5*l, 2*k + 32 = 5*l - 3*l. Let j = k + 17. Suppose -18 = -4*g + y, 0 = -j*y + y - 8. What is the units digit of g?
4
Suppose 130412 = 4*o + 3*z + 14069, 0 = -4*z + 20. What is the tens digit of o?
8
Suppose 1 - 17 = -d. Suppose -3*t = 2*l - 2253, -l - 13*t + 1113 = -d*t. What is the thousands digit of l?
1
Let j(f) = f**2 - 7*f - 32. Let o be j(22). Let i = -207 + o. What is the tens digit of i?
9
Let l = -76 - -71. Let y be (-3)/(3/4)*l/10. What is the units digit of 8*(-68)/8*(-3)/y?
2
Suppose -14 = -2*h - g, 4*h + 26*g - 28 = 27*g. Suppose 4 = -9*k + h*k, -5*k = -5*y + 2080. What is the units digit of y?
4
Let s = -336 + 1237. Let w = 1553 - s. What is the units digit of w?
2
Suppose 36*z - 250551 = 65*z - 32*z. What is the thousands digit of z?
3
Let d(n) = -5*n**3 - 8*n**2 + 6*n + 21. Let x be d(-9). Suppose 159 = -5*u + x. What is the hundreds digit of u?
5
Let p(r) = -11*r**2 - 3*r + 5. Let h be p(2). What is the tens digit of (-54)/h*(91 + -1 + 0)?
0
Suppose 0 = -5*f - 86 - 9. Let t(b) = b**3 - 11*b**2 + 20*b. Let p be t(9). Let w = p - f. What is the tens digit of w?
3
Suppose -4*w + 2058903 = 109*w - 14*w. What is the thousands digit of w?
0
Suppose 2*q - 141 = -2*p + 3*q, -2 = -2*q. What is the tens digit of p - (-4 + -12)/4?
7
Let v be (-8)/(-5) + 0 - (-10)/25. Suppose p + 226 - 953 = -v*q, -3*q + 2*p + 1080 = 0. What is the tens digit of q?
6
Suppose -5*v - 5 = 0, u - 986 = -5*v + 3655. What is the tens digit of u?
4
Let y be ((-48)/(-8))/((-6)/165). What is the tens digit of 2942/8 + y/(-20) + -8?
6
Let s = 21832 - 8782. What is the ten thousands digit of s?
1
Let d = 517 + -516. Let k(x) = 424*x**3 - 2*x**2 - x. What is the units digit of k(d)?
1
Suppose -5*q + 122819 = 4*s, 4825 + 68840 = 3*q - 2*s. What is the thousands digit of q?
4
Suppose -2*d + 4558 = g, -2*g + 3*g - 6 = 0. What is the thousands digit of d?
2
What is the thousands digit of (-12)/(-72)*33246 + 4/(-4) + -1?
5
Let b(s) = 9*s**2 + 48*s - 151. What is the thousands digit of b(-30)?
6
Let c(v) be the third derivative of -17*v**4/8 + 6*v**3 + 9*v**2. Let l be c(15). What is the tens digit of (-1 - 4/(-12))/(6/l)?
8
Let j = -117 + 112. Let t be (902/10 + 0 + -1)*j. What is the tens digit of (0 + 6 - t)*1/2?
2
Let b(q) = -5*q**2 + 3*q - 1. Suppose -5*k = 5*m + 5, 0*k + 2*k = 2*m - 10. Let f(t) = t**2 - t - 1. Let v(u) = m*f(u) - b(u). What is the units digit of v(3)?
7
What is the tens digit of (-100)/700 + -9606*3/(-42)?
8
Let x = 816 + -813. Suppose 0 = -x*z + 2094 + 2670. What is the units digit of z?
8
Let f = 63 - 73. Let l be (-10670)/(-33)*(-12)/f. Suppose -k - 2*n + 184 = 0, 3*k + 2*n = 164 + l. What is the hundreds digit of k?
1
Suppose 0*y - 40 = 10*y. Let b be (y + (-7)/(-2))*-50. Suppose j - 21 = b. What is the units digit of j?
6
Let y(j) = j**2 - 7*j - 5. Let o be y(7). Let x be ((-12)/(o 